f 1278?
False
Is 50 a factor of 13150?
True
Is 299 a multiple of 21?
False
Is 31150 a multiple of 176?
False
Does 21 divide 487?
False
Is 364 a multiple of 14?
True
Does 17 divide 1513?
True
Is 23 a factor of 23?
True
Is 2649 a multiple of 22?
False
Does 11 divide 1219?
False
Does 14 divide 222?
False
Is 5550 a multiple of 3?
True
Does 35 divide 9855?
False
Is 1053 a multiple of 13?
True
Is 2869 a multiple of 33?
False
Is 58 a factor of 1062?
False
Is 100 a factor of 1967?
False
Is 30 a multiple of 14?
False
Is 744 a multiple of 12?
True
Is 296 a multiple of 27?
False
Is 4 a factor of 35773?
False
Is 500 a multiple of 20?
True
Is 309 a factor of 47273?
False
Is 352 a multiple of 6?
False
Is 80139 a multiple of 19?
False
Is 50 a factor of 1900?
True
Does 32 divide 2109?
False
Does 11 divide 38452?
False
Is 2967 a multiple of 11?
False
Is 1364 a multiple of 7?
False
Is 1274 a multiple of 98?
True
Does 23 divide 281?
False
Is 837 a multiple of 31?
True
Is 67 a factor of 536?
True
Is 8424 a multiple of 13?
True
Is 18 a factor of 1634?
False
Is 32 a factor of 7458?
False
Does 59 divide 32720?
False
Is 53 a factor of 1961?
True
Is 10 a factor of 5311?
False
Does 127 divide 4318?
True
Is 2700 a multiple of 20?
True
Is 1132 a multiple of 4?
True
Does 132 divide 28499?
False
Does 77 divide 16117?
False
Is 217 a factor of 34503?
True
Does 12 divide 612?
True
Does 119 divide 27608?
True
Does 113 divide 17628?
True
Is 59 a factor of 171?
False
Is 14 a factor of 1919?
False
Is 309 a factor of 112167?
True
Does 24 divide 5572?
False
Is 25 a factor of 416?
False
Is 72 a multiple of 9?
True
Is 4574 a multiple of 100?
False
Is 75 a factor of 675?
True
Is 6508 a multiple of 45?
False
Is 25032 a multiple of 28?
True
Does 99 divide 14263?
False
Is 78 a factor of 1248?
True
Is 17 a factor of 2900?
False
Is 190 a factor of 2660?
True
Is 30 a factor of 1602?
False
Is 14 a factor of 6034?
True
Is 2912 a multiple of 13?
True
Is 549 a multiple of 61?
True
Is 16 a factor of 15568?
True
Is 95 a factor of 95855?
True
Does 8 divide 8216?
True
Does 341 divide 47740?
True
Is 7185 a multiple of 15?
True
Is 6 a factor of 162?
True
Is 27 a factor of 2538?
True
Is 3304 a multiple of 8?
True
Does 33 divide 462?
True
Does 10 divide 3984?
False
Is 319 a multiple of 22?
False
Is 213 a multiple of 57?
False
Does 108 divide 31968?
True
Is 106 a factor of 14416?
True
Does 54 divide 29268?
True
Does 82 divide 14094?
False
Is 36 a factor of 504?
True
Is 403 a factor of 67301?
True
Is 32 a factor of 56629?
False
Is 18101 even?
False
Is 434 a multiple of 7?
True
Does 72 divide 1090?
False
Does 7 divide 16009?
True
Is 26 a factor of 358?
False
Is 340 a multiple of 34?
True
Is 13 a factor of 7852?
True
Is 3 a factor of 41?
False
Is 79345 a multiple of 35?
True
Is 29 a factor of 3451?
True
Is 29 a factor of 957?
True
Is 418 a multiple of 38?
True
Is 19 a factor of 2527?
True
Is 51 a multiple of 3?
True
Does 75 divide 113161?
False
Is 397 a multiple of 7?
False
Is 43 a factor of 3698?
True
Is 2 a factor of 177?
False
Does 55 divide 12815?
True
Does 39 divide 195?
True
Is 400 a multiple of 20?
True
Is 115 a factor of 80517?
False
Is 14128 a multiple of 16?
True
Is 70 a factor of 20790?
True
Does 123 divide 2368?
False
Does 9 divide 5674?
False
Is 11 a factor of 9120?
False
Does 8 divide 1609?
False
Does 61 divide 5218?
False
Does 254 divide 694?
False
Is 20 a factor of 47210?
False
Is 1862 a multiple of 133?
True
Is 1276 a multiple of 58?
True
Does 287 divide 9184?
True
Is 3 a factor of 250?
False
Is 52 a factor of 676?
True
Is 119 a multiple of 9?
False
Is 23 a factor of 610?
False
Does 27 divide 648?
True
Is 4 a factor of 520?
True
Is 17 a factor of 6205?
True
Is 936 a multiple of 12?
True
Is 106 a factor of 15871?
False
Is 2187 a multiple of 90?
False
Does 20 divide 102?
False
Does 9 divide 1899?
True
Is 14615 a multiple of 3?
False
Does 52 divide 752?
False
Does 54 divide 162?
True
Is 5429 a multiple of 101?
False
Is 60 a factor of 600?
True
Is 26514 a multiple of 18?
True
Is 1669 a multiple of 20?
False
Is 34 a factor of 9792?
True
Is 24 a factor of 649?
False
Does 8 divide 252?
False
Is 492 a multiple of 6?
True
Is 180 a multiple of 5?
True
Does 6 divide 3210?
True
Does 30 divide 720?
True
Does 5 divide 20837?
False
Is 59 a factor of 300?
False
Is 24 a factor of 1158?
False
Does 52 divide 780?
True
Is 13 a factor of 2569?
False
Is 144 a multiple of 16?
True
Is 350 a factor of 2100?
True
Is 29 a factor of 2407?
True
Is 60969 a multiple of 274?
False
Is 13 a factor of 1722?
False
Is 213 a multiple of 2?
False
Is 8148 a multiple of 28?
True
Is 11 a factor of 648?
False
Is 112412 a multiple of 157?
True
Is 41 a factor of 3403?
True
Is 7898 a multiple of 52?
False
Is 4718 a multiple of 7?
True
Is 1671 a multiple of 71?
False
Is 390 a multiple of 26?
True
Is 10470 even?
True
Does 5 divide 10810?
True
Does 8 divide 1256?
True
Does 61 divide 57555?
False
Does 4 divide 26?
False
Is 178 a factor of 29014?
True
Is 756 a multiple of 36?
True
Does 14 divide 696?
False
Is 34259 a multiple of 86?
False
Does 18 divide 288?
True
Is 15 a factor of 3165?
True
Does 37 divide 8797?
False
Is 10 a factor of 1626?
False
Is 3 a factor of 105?
True
Is 23 a factor of 59685?
True
Is 47 a factor of 987?
True
Is 10 a factor of 406?
False
Is 4085 a multiple of 2?
False
Is 127 a multiple of 21?
False
Is 5 a factor of 161?
False
Is 1200 a multiple of 15?
True
Is 32 a factor of 16992?
True
Is 6 a factor of 726?
True
Is 13585 a multiple of 18?
False
Does 12 divide 2628?
True
Is 40 a factor of 56384?
False
Is 10 a factor of 3800?
True
Is 14 a factor of 25732?
True
Does 9 divide 6761?
False
Does 13 divide 182?
True
Is 3 a factor of 12401?
False
Is 15 a factor of 456?
False
Is 224 a factor of 4233?
False
Does 110 divide 1962?
False
Is 214 a multiple of 33?
False
Is 32 a factor of 13655?
False
Does 153 divide 31365?
True
Does 10 divide 820?
True
Is 12 a factor of 5837?
False
Is 5056 a multiple of 97?
False
Is 5 a factor of 480?
True
Does 19 divide 31031?
False
Is 17 a factor of 19?
False
Is 2 a factor of 737?
False
Does 12 divide 106332?
True
Is 1099 a multiple of 40?
False
Is 39720 a multiple of 40?
True
Is 14 a factor of 23884?
True
Does 12 divide 44851?
False
Does 7 divide 172?
False
Is 73 a multiple of 38?
False
Is 137 a multiple of 43?
False
Is 1099 a multiple of 13?
False
Does 9 divide 266?
False
Is 2496 a multiple of 96?
True
Is 169 a factor of 4732?
True
Is 85019 a multiple of 16?
False
Does 5 divide 15?
True
Is 70720 a multiple of 130?
True
Does 5 divide 116?
False
Is 2781 a multiple of 28?
False
Is 80 a factor of 3585?
False
Does 24 divide 5877?
False
Is 15570 a multiple of 30?
True
Does 41 divide 438?
False
Is 1225 a multiple of 5?
True
Is 21 a factor of 4515?
True
Is 24933 a multiple of 23?
False
Does 81 divide 1532?
False
Is 2585 a multiple of 11?
True
Does 18 divide 522?
True
Is 13 a factor of 343?
False
Is 28 a factor of 16059?
False
Is 106 a factor of 1169?
False
Does 34 divide 8500?
True
Is 22 a factor of 198?
True
Does 6 divide 123?
False
Is 51 a factor of 4692?
True
Is 5054 a multiple of 54?
False
Is 20 a factor of 19664?
False
Is 544 a multiple of 17?
True
Is 1032 a multiple of 6?
True
Is 368 a factor of 67864?
False
Is 1050 a multiple of 39?
False
Is 3 a factor of 523?
False
Is 61 a factor of 549?
True
Is 5662 a multiple of 19?
True
Does 12 divide 72?
True
Is 36 a factor of 80100?
True
Does 118 divide 10030?
True
Is 82 a factor of 2082?
False
Does 13 divide 362?
False
Does 6 divide 3134?
False
Is 93 a factor of 1395?
True
Is 6 a factor of 164?
False
Is 91 a multiple of 4?
False
Is 1302 a multiple of 7?
True
Is 4 a factor of 10016?
True
Is 1292 a multiple of 23?
False
Is 24696 a multiple of 14?
True
Is 12 a factor of 482?
False
Is 16 a factor of 780?
False
Is 87 a factor of 4785?
True
Is 60083 a multiple of 17?
False
Does 7 divide 14783?
False
Is 18 a factor of 792?
True
Is 120 a multiple of 8?
True
Is 876 a multiple of 14?
False
Is 44215 a multiple of 239?
True
Is 31 a factor of 620?
True
Is 1410 a multiple of 6?
True
Is 2646 a multiple of 126?
True
Does 16 divide 460?
False
Is 17094 a multiple of 31?
False
Is 792 a multiple of 27?
False
Does 7 divide 39620?
True
Is 6145 a multiple of 10?
False
Is 33 